{"id":41,"date":"2022-03-20T22:23:46","date_gmt":"2022-03-20T22:23:46","guid":{"rendered":"http:\/\/www.zeynepbusrabilgin.av.tr\/?page_id=41"},"modified":"2022-03-20T22:33:38","modified_gmt":"2022-03-20T22:33:38","slug":"anlasmali-bosanma-davasi","status":"publish","type":"page","link":"http:\/\/www.zeynepbusrabilgin.av.tr\/?page_id=41","title":{"rendered":"ANLA\u015eMALI BO\u015eANMA DAVASI"},"content":{"rendered":"\n<p>T\u00fcrk Medeni Kanunu m. 166\/3 gere\u011fi evlilikleri en az bir y\u0131l s\u00fcrm\u00fc\u015f e\u015flerden herhangi birisi yahut taraflar\u0131n her ikisi birlikte anla\u015fmal\u0131 bo\u015fanma talebi ile mahkemeye ba\u015fvurabilir.&nbsp; Bu durumda e\u015flerin birlikte mahkemeye ba\u015fvurmas\u0131 ya da bir e\u015fin di\u011ferinin davas\u0131n\u0131 kabul etmesi h\u00e2linde, evlilik birli\u011fi temelinden sars\u0131lm\u0131\u015f say\u0131l\u0131r. Bu h\u00e2lde bo\u015fanma karar\u0131 verilebilmesi i\u00e7in, h\u00e2kimin taraflar\u0131 bizzat dinleyerek iradelerinin serbest\u00e7e a\u00e7\u0131kland\u0131\u011f\u0131na kanaat getirmesi ve bo\u015fanman\u0131n mal\u00ee sonu\u00e7lar\u0131 ile \u00e7ocuklar\u0131n durumu hususunda taraflarca kabul edilecek d\u00fczenlemeyi uygun bulmas\u0131 \u015fartt\u0131r. Dolay\u0131s\u0131 ile taraf vekillerinin duru\u015fmada haz\u0131r olmas\u0131 tek ba\u015f\u0131na anla\u015fmal\u0131 bo\u015fanma protokol\u00fcne istinaden bo\u015fanmaya ili\u015fkin h\u00fck\u00fcm kurulmas\u0131 i\u00e7in yeterli olmay\u0131p, taraflar\u0131n da duru\u015fmada haz\u0131r edilmeleri gerekmektedir.&nbsp;<\/p>\n\n\n\n<p>H\u00e2kim, taraflar\u0131n ve \u00e7ocuklar\u0131n menfaatlerini g\u00f6z \u00f6n\u00fcnde tutarak bu anla\u015fmada gerekli g\u00f6r\u00fclen de\u011fi\u015fiklikleri yapabilir. Bu de\u011fi\u015fikliklerin taraflarca da kabul\u00fc h\u00e2linde bo\u015fanmaya h\u00fckmolunur. Anla\u015fmal\u0131 bo\u015fanma davas\u0131 genel olarak dava a\u00e7\u0131lmadan \u00f6nce d\u00fczenlenmi\u015f bir anla\u015fmal\u0131 bo\u015fanma protokol\u00fc ile birlikte a\u00e7\u0131l\u0131r. Bununla birlikte \u00e7eki\u015fmeli olarak a\u00e7\u0131lan bo\u015fanma talepli dava devam ederken de taraflar anla\u015fmal\u0131 bo\u015fanma protokol\u00fc imzalayarak, yarg\u0131laman\u0131n devam etti\u011fi mahkemeye ibraz ederek bo\u015fanma karar\u0131 verilmesini talep edebilirler.&nbsp;<\/p>\n\n\n\n<p>Bo\u015fanma veya ayr\u0131l\u0131k davalar\u0131nda g\u00f6revli mahkeme Aile Mahkemesidir. Aile Mahkemelerinin bulunmad\u0131\u011f\u0131 yerlerde g\u00f6revli mahkeme Asliye Hukuk Mahkemesidir. Yetkili mahkeme ise e\u015flerden birinin yerle\u015fim yeri veya davadan \u00f6nce son defa alt\u0131 aydan beri birlikte oturduklar\u0131 yer mahkemesidir.&nbsp;<\/p>\n\n\n\n<p>Dava dilek\u00e7esinde anla\u015fmal\u0131 bo\u015fanma protokol\u00fcn\u00fcn ek olarak sunulmas\u0131 yeterli olup, protokol asl\u0131n\u0131n yahut asl\u0131 gibidir onayl\u0131 \u00f6rne\u011finin sunulmas\u0131 gerekmektedir. Bununla birlikte dava a\u00e7\u0131ld\u0131ktan sonra da bo\u015fanma protokol\u00fc d\u00fczenlenerek mahkemeye ibraz edilebilir.<\/p>\n\n\n\n<p>Haz\u0131rlanm\u0131\u015f bo\u015fanma protokol\u00fcn\u00fcn gerek\u00e7eli karara aynen i\u015flenmesi yahut bu karar\u0131n mahkeme karar\u0131n\u0131n eki olarak kabul edildi\u011finin karara yaz\u0131lmas\u0131 \u00f6nem arz etmektedir. Bu sebeple bu hususun ayr\u0131ca bo\u015fanma dava dilek\u00e7esinde talep edilmesi ileride ya\u015fanmas\u0131 muhtemel sorunlar\u0131n \u00f6nlenmesi a\u00e7\u0131s\u0131ndan gereklilik arz etmektedir.&nbsp;<\/p>\n\n\n\n<p>Dava dilek\u00e7esi Hukuk Muhakemeleri Kanununda belirtilen \u015fekli unsurlara uygun bir \u015fekilde d\u00fczenlenmeli, dava konusu olarak anla\u015fmal\u0131 bo\u015fanma talebi a\u00e7\u0131k\u00e7a yaz\u0131lmal\u0131d\u0131r. Ayr\u0131ca dava dilek\u00e7esi ve eklerinin 2 n\u00fcsha olarak d\u00fczenlenmesi ve bu \u015fekilde g\u00f6revli ve yetkili mahkemeye teslim edilmesi gerekmektedir.&nbsp;<\/p>\n\n\n\n<p>Anla\u015fmal\u0131 bo\u015fanma davas\u0131 kapsam\u0131nda verilen kesin karar akabinde taraflar\u0131n birbirinden evlilik ili\u015fkinden do\u011fan ve gerek\u00e7eli kesin kararda yer almayan herhangi bir hak talep etmesi m\u00fcmk\u00fcn de\u011fildir. \u00d6zellikle nafaka, tazminat, mal payla\u015f\u0131m\u0131 gibi hususlarda hak kayb\u0131 ya\u015fanmamas\u0131 a\u00e7\u0131s\u0131ndan anla\u015fmal\u0131 bo\u015fanma protokol\u00fcn\u00fcn ve dava s\u00fcrecinin avukat yard\u0131m\u0131 ile takibi elzemdir. <\/p>\n\n\n\n<p><\/p>\n\n\n\n<p class=\"has-text-align-right\">Av. Zeynep B\u00fc\u015fra B\u0130LG\u0130N<\/p>\n","protected":false},"excerpt":{"rendered":"<p>T\u00fcrk Medeni Kanunu m. 166\/3 gere\u011fi evlilikleri en az bir y\u0131l s\u00fcrm\u00fc\u015f e\u015flerden herhangi birisi yahut taraflar\u0131n her ikisi birlikte anla\u015fmal\u0131 bo\u015fanma talebi ile mahkemeye ba\u015fvurabilir.&nbsp; Bu durumda e\u015flerin birlikte mahkemeye ba\u015fvurmas\u0131 ya da bir e\u015fin di\u011ferinin davas\u0131n\u0131 kabul etmesi h\u00e2linde, evlilik birli\u011fi temelinden sars\u0131lm\u0131\u015f say\u0131l\u0131r. Bu h\u00e2lde bo\u015fanma karar\u0131 verilebilmesi i\u00e7in, h\u00e2kimin taraflar\u0131 bizzat [&hellip;]<\/p>\n","protected":false},"author":1,"featured_media":0,"parent":25,"menu_order":1,"comment_status":"closed","ping_status":"closed","template":"","meta":{"footnotes":""},"class_list":["post-41","page","type-page","status-publish","hentry"],"_links":{"self":[{"href":"http:\/\/www.zeynepbusrabilgin.av.tr\/index.php?rest_route=\/wp\/v2\/pages\/41","targetHints":{"allow":["GET"]}}],"collection":[{"href":"http:\/\/www.zeynepbusrabilgin.av.tr\/index.php?rest_route=\/wp\/v2\/pages"}],"about":[{"href":"http:\/\/www.zeynepbusrabilgin.av.tr\/index.php?rest_route=\/wp\/v2\/types\/page"}],"author":[{"embeddable":true,"href":"http:\/\/www.zeynepbusrabilgin.av.tr\/index.php?rest_route=\/wp\/v2\/users\/1"}],"replies":[{"embeddable":true,"href":"http:\/\/www.zeynepbusrabilgin.av.tr\/index.php?rest_route=%2Fwp%2Fv2%2Fcomments&post=41"}],"version-history":[{"count":1,"href":"http:\/\/www.zeynepbusrabilgin.av.tr\/index.php?rest_route=\/wp\/v2\/pages\/41\/revisions"}],"predecessor-version":[{"id":42,"href":"http:\/\/www.zeynepbusrabilgin.av.tr\/index.php?rest_route=\/wp\/v2\/pages\/41\/revisions\/42"}],"up":[{"embeddable":true,"href":"http:\/\/www.zeynepbusrabilgin.av.tr\/index.php?rest_route=\/wp\/v2\/pages\/25"}],"wp:attachment":[{"href":"http:\/\/www.zeynepbusrabilgin.av.tr\/index.php?rest_route=%2Fwp%2Fv2%2Fmedia&parent=41"}],"curies":[{"name":"wp","href":"https:\/\/api.w.org\/{rel}","templated":true}]}}