{"id":48,"date":"2022-03-20T22:38:23","date_gmt":"2022-03-20T22:38:23","guid":{"rendered":"http:\/\/www.zeynepbusrabilgin.av.tr\/?page_id=48"},"modified":"2022-03-20T22:38:44","modified_gmt":"2022-03-20T22:38:44","slug":"ceza-yargilamasi-kisitli-kisi-acisindan-savunma-dilekcesi-ornegi","status":"publish","type":"page","link":"http:\/\/www.zeynepbusrabilgin.av.tr\/?page_id=48","title":{"rendered":"CEZA YARGILAMASI KISITLI K\u0130\u015e\u0130 A\u00c7ISINDAN SAVUNMA D\u0130LEK\u00c7ES\u0130 \u00d6RNE\u011e\u0130"},"content":{"rendered":"\n<p class=\"has-text-align-center\"><strong>\u2026\u2026 ASL\u0130YE CEZA MAHKEMES\u0130<\/strong><\/p>\n\n\n\n<p><strong>DOSYA NO<\/strong> : 20\u2026\/\u2026. Esas<\/p>\n\n\n\n<p><strong>M\u00dc\u015eTEK\u0130<\/strong> :\u2026\u2026\u2026\u2026\u2026\u2026\u2026\u2026(T.C\u2026.)<\/p>\n\n\n\n<p>\u00a0<strong>Adres<\/strong> : &#8230;&#8230;&#8230;&#8230;&#8230;&#8230;&#8230;&#8230;&#8230;&#8230;&#8230;&#8230;&#8230;&#8230;&#8230;&#8230;&#8230;..<\/p>\n\n\n\n<p><strong>SANIK<\/strong> : &#8230;&#8230;&#8230;&#8230;&#8230;&#8230;&#8230;.(T.C\u2026. )<\/p>\n\n\n\n<p><strong>Adres<\/strong> : &#8230;&#8230;&#8230;&#8230;&#8230;&#8230;&#8230;&#8230;&#8230;&#8230;&#8230;&#8230;&#8230;&#8230;&#8230;&#8230;&#8230;.. \u00a0 \u00a0 \u00a0 \u00a0 \u00a0 \u00a0 \u00a0 \u00a0 \u00a0 \u00a0<\/p>\n\n\n\n<p><strong>M\u00dcDAF\u0130<\/strong> : Av. Zeynep B\u00fc\u015fra B\u0130LG\u0130N<\/p>\n\n\n\n<p>GMK Bulvar\u0131 No:95\/4 Maltepe\/\u00c7ankaya\/ANKARA<\/p>\n\n\n\n<p><strong>\u0130SNAT ED\u0130LEN<\/strong><\/p>\n\n\n\n<p><strong>\u00a0SU\u00c7 ve TAR\u0130H\u0130 :\u00a0<\/strong><\/p>\n\n\n\n<p><strong>KONU<\/strong> : Savunma ve bir k\u0131s\u0131m delillerin ibraz\u0131d\u0131r.<\/p>\n\n\n\n<p><strong>A\u00c7IKLAMALAR<\/strong>:<\/p>\n\n\n\n<p>Yukar\u0131da esas\u0131 verilen dosya kapsam\u0131nda hukuka ve hakkaniyete ayk\u0131r\u0131 bir bi\u00e7imde m\u00fcvekkilin iradesi d\u0131\u015f\u0131nda olu\u015fturulan beyanlarla al\u0131nan kolluk ifadesi neticesinde yeterli inceleme yap\u0131lmaks\u0131z\u0131n TCK m. \u2026. kapsam\u0131nda \u2026 su\u00e7u isnad\u0131 ile m\u00fcvekkil aleyhine iddianame haz\u0131rlanm\u0131\u015f ve kovu\u015fturma a\u015famas\u0131na ge\u00e7ilmi\u015ftir. M\u00fcvekkile isnat edilen su\u00e7un kabul\u00fc m\u00fcmk\u00fcn de\u011fildir. \u015e\u00f6yle ki;<\/p>\n\n\n\n<p>1) M\u00fcvekkil \u2026. oran\u0131nda engelli olup\u2026.. Ayn\u0131 zamanda m\u00fcvekkil, zihinsel engeline ba\u011fl\u0131 olarak kendini idare edemeyecek durumda olmas\u0131 nedeniyle de mahkeme karar\u0131 ile k\u0131s\u0131tlanm\u0131\u015f olup vasisi \u2026\u2026.. t\u0131r.(EK-1) Bu durum \u2026.yetkililerince de bilinmekte olup i\u015fe al\u0131m ve devam\u0131nda m\u00fcvekkil hakk\u0131ndaki t\u00fcm i\u015f ve i\u015flemler m\u00fcvekkili temsilen \u2026\u2026. taraf\u0131ndan yap\u0131lm\u0131\u015ft\u0131r.<\/p>\n\n\n\n<p>Olay tarihinde m\u00fc\u015ftekinin \u015fikayeti \u00fczerine g\u00fcvenlik g\u00f6revlilerince olay yerini k\u0131s\u0131tl\u0131 \u015fekilde g\u00f6steren kamera kay\u0131tlar\u0131 incelenmi\u015f, olay yerinden bir \u00e7ok insan ge\u00e7mi\u015f, odaya bir \u00e7ok insan girmi\u015f- \u00e7\u0131km\u0131\u015f olmas\u0131na kar\u015f\u0131n yaln\u0131zca kendini ifade edemeyen, konu\u015fma ve anlama g\u00fc\u00e7l\u00fc\u011f\u00fc \u00e7eken, k\u0131s\u0131tl\u0131 m\u00fcvekkilin ifadesi al\u0131nm\u0131\u015f ve su\u00e7 haks\u0131z suretle m\u00fcvekkile isnat edilmi\u015f, m\u00fcvekkilin kendini savunamamas\u0131 ve olaylar\u0131 kavramada ya\u015fad\u0131\u011f\u0131 zorluk k\u00f6t\u00fcye kullan\u0131larak m\u00fcvekkile birbirinden \u00e7eli\u015fkili beyanlar verdirilmi\u015f nitekim ayn\u0131 tarihte de m\u00fcvekkil \u0130\u015f Kanununa ayk\u0131r\u0131 bi\u00e7imde i\u015ften at\u0131lm\u0131\u015ft\u0131r. Ba\u015f\u0131ndan sonuna kadar hukuka ayk\u0131r\u0131 \u015fekilde al\u0131nan ifadenin, \u2026.idaresince hukuka ayk\u0131r\u0131 \u015fekilde yap\u0131lan i\u015flemlerin taraf\u0131m\u0131zca kabul\u00fc m\u00fcmk\u00fcn de\u011fildir. Bu nedenle kolluk \u2026.g\u00f6revlilerince dosyaya sunulan ifade tutana\u011f\u0131, olay yeri tutana\u011f\u0131 vb. Di\u011fer evraklar\u0131n taraf\u0131m\u0131zca kabul\u00fc m\u00fcmk\u00fcn de\u011fildir. S\u00f6z konusu evraklar hukuka ayk\u0131r\u0131 \u015fekilde elde edildi\u011fi i\u00e7in her bir sorumlu hakk\u0131nda yasal yollara ba\u015fvuru hakk\u0131m\u0131z\u0131 sakl\u0131 tutar, resen soru\u015fturma gerektiren bir hususun tespiti halinde ise mahkemenizce gerekli i\u015flemlerin yap\u0131lmas\u0131n\u0131 bilvekale arz ve talep ederiz.<\/p>\n\n\n\n<p>M\u00fcvekkil olay tarihinde mahkeme karar\u0131 ile k\u0131s\u0131tl\u0131 ve \u2026. oran\u0131nda engelli oldu\u011fundan CMK m. 150\/2 gere\u011fi m\u00fcdafii bulundurulmadan ve vasisine haber verilmeksizin al\u0131nan ifade hukuka ayk\u0131r\u0131 olup m\u00fcvekkilin savunma hakk\u0131 ihlal edilmi\u015ftir(Bkz. Y.2.C.D&nbsp; 2021\/21001 E. 2021\/3399 K. Say\u0131l\u0131 23.02.2021 tarihli karar\u0131) Bu ifadede m\u00fcvekkil kendi iradesi ile ya\u015fad\u0131klar\u0131n\u0131 anlatamam\u0131\u015f, \u2026. g\u00f6revlilerinin zorla kendisine yazd\u0131rd\u0131\u011f\u0131 beyanlar\u0131 aktarm\u0131\u015ft\u0131r.&nbsp; Buna ek olarak CMK m. 148; &#8220;m\u00fcdafi haz\u0131r bulunmaks\u0131z\u0131n kolluk\u00e7a al\u0131nan ifade, h\u00e2kim veya mahkeme huzurunda \u015f\u00fcpheli veya san\u0131k taraf\u0131ndan do\u011frulanmad\u0131k\u00e7a h\u00fckme esas al\u0131namaz.&#8221; h\u00fckm\u00fc gere\u011fi ilk celsede su\u00e7u i\u015flemedi\u011fini anlatarak ve beraatini talep eden m\u00fcvekkil&nbsp; hakk\u0131nda soru\u015fturma s\u00fcrecinde elde edilen hukuka ayk\u0131r\u0131 tutanaklar\u0131n karara esas al\u0131nmamas\u0131n\u0131 bilvekale arz ve talep ederiz.<\/p>\n\n\n\n<p>2) Mahkemeniz taraf\u0131ndan ilk celsede m\u00fcvekkilin su\u00e7 ehliyetinin var olup olmad\u0131\u011f\u0131 hususu hakk\u0131nda tespit yap\u0131labilmesi i\u00e7in m\u00fcvekkil Adli T\u0131p Kurumuna sevk edilmi\u015ftir. Mahkemeniz taraf\u0131ndan yap\u0131lan sevk neticesinde Adli T\u0131p Kurumu hukuka ve ger\u00e7e\u011fe ayk\u0131r\u0131 bi\u00e7imde hi\u00e7bir gerek\u00e7e beyan etmeden TCK m. 32 kapsam\u0131nda&nbsp; de\u011ferlendirme yap\u0131lamayaca\u011f\u0131 tespitinde bulunmu\u015fken, 1 hafta sonra&nbsp; \u2026\u2026. kanal\u0131 ile ger\u00e7ekle\u015ftirilen incelemede ise Adli T\u0131p Kurumu taraf\u0131ndan m\u00fcvekkilde zeka gerili\u011fine ba\u011fl\u0131 TCK m.32\/2 h\u00fck\u00fcmlerinin uygulanmas\u0131 gerekti\u011fine dair rapor d\u00fczenlenmi\u015ftir. Dolay\u0131s\u0131 ile mahkemeniz vas\u0131tas\u0131 ile al\u0131nan \u2026\u2026.. tarihli rapor hem m\u00fcvekkile ait dosyaya sundu\u011fumuz \u2026\u2026\u2026. say\u0131l\u0131 \u00f6z\u00fcrl\u00fc sa\u011fl\u0131k kurulu raporu, hem vasi tayinine ili\u015fkin mahkeme karar\u0131 hem de \u2026. tarihli \u2026\u2026 say\u0131l\u0131 Adli T\u0131p Kurumu raporu ile \u00e7eli\u015fmektedir.<\/p>\n\n\n\n<p>M\u00fcvekkil rutin olarak kendisine ezberletilen isimler, i\u015flemler, yollar vb. d\u0131\u015f\u0131nda zihnini aktif olarak kullanamamakta olaylar\u0131 olgular\u0131 anlamland\u0131ramamaktad\u0131r. H\u0131rs\u0131zl\u0131k nedir, bu eylem bir su\u00e7 mudur, su\u00e7 nedir, su\u00e7un sonu\u00e7lar\u0131 nelerdir bunlar\u0131 anlamland\u0131rma ve sonu\u00e7lar\u0131na ra\u011fmen eylemi isteme yeteneklerine sahip de\u011fildir. Bu durum m\u00fcvekkile bir ka\u00e7 basit soru soruldu\u011funda verdi\u011fi cevaplardan dahi tespit edilebilmektedir. \u2026.. say\u0131l\u0131 Adli T\u0131p Kurumu raporu da(EK-2) bu hususu do\u011frulamakta olup s\u00f6z konusu raporun gerek\u00e7esinde &#8220;\u2026\u2026\u2026\u2026\u2026\u2026..&#8221; denilmektedir. Yine i\u015f bu dava kapsam\u0131nda delil olarak savc\u0131l\u0131k makam\u0131n\u0131n ibraz etti\u011fi kamera kay\u0131tlar\u0131nda da \u2026\u2026.eylemleri dahi yeterli zihinsel bir faaliyet i\u00e7erisinde ger\u00e7ekle\u015ftiremedi\u011fi g\u00f6zlemlenmektedir. Bu \u015fekilde hareketlerini ve ya\u015fam\u0131n\u0131 bi\u00e7imlendirme iradesi ve a\u00e7\u0131k bir \u015fuur ile hareket kabiliyeti olmayan m\u00fcvekkil hakk\u0131nda gerek\u00e7esiz \u015fekilde haz\u0131rlanm\u0131\u015f raporun taraf\u0131m\u0131zca kabul\u00fc m\u00fcmk\u00fcn de\u011fildir.&nbsp; S\u00f6z konusu \u00e7eli\u015fkili ve hatal\u0131 raporun yarg\u0131lamaya esas al\u0131nmamas\u0131n\u0131 bilvekale arz ve talep ederiz. (Bkz: Y6CD 23.06.2021 E.2020\/10775 &#8211; K.2021\/12118)<\/p>\n\n\n\n<p>3) M\u00fcvekkile isnat edilen su\u00e7un m\u00fcvekkil taraf\u0131ndan i\u015flenebilmesi i\u00e7in \u00f6ncelikle isnat yetene\u011finin olmas\u0131 gerekmektedir. &#8220;\u0130snat yetene\u011finden s\u00f6z edilebilmesi i\u00e7in ki\u015finin \u201canlama\u201d ve \u201cisteme\u201d yetene\u011fine sahip olmas\u0131 gerekir. Bu yeteneklerin sadece birine sahip olmak, isnat yetene\u011finin var oldu\u011fu sonucunu do\u011furmaz. Ak\u0131l hastal\u0131klar\u0131 da bu anlama ve isteme yeteneklerini etkileyen psikolojik bozukluklard\u0131r.&#8221; (Marmara \u00dcniversitesi Hukuk Fak\u00fcltesi Hukuk Ara\u015ft\u0131rmalar\u0131 Dergisi \u2022 Cilt 24, Say\u0131 2, Aral\u0131k 2018, s. 757.) Dolay\u0131s\u0131 ile adli t\u0131p kurumu taraf\u0131ndan m\u00fcvekkilin bir su\u00e7un su\u00e7 oldu\u011funu anlayabilme ve bunu isteyebilme yetene\u011finin olup olmad\u0131\u011f\u0131n\u0131n ara\u015ft\u0131r\u0131lmas\u0131 gerekmekteyken Adli T\u0131p Kurumu bu ara\u015ft\u0131rma bir yana m\u00fcvekkil ile muhatap dahi olmadan kopyala yap\u0131\u015ft\u0131r, hi\u00e7bir gerek\u00e7esi olmayan bir raporla m\u00fcvekkil hakk\u0131nda zeka gerili\u011fi olmad\u0131\u011f\u0131 hususunda hatal\u0131 rapor tanzim etmi\u015ftir. Adli T\u0131p Kurumunun s\u00f6z konusu eksik incelemeleri yaln\u0131zca i\u015f bu dosyaya \u00f6zel olmad\u0131\u011f\u0131ndan s\u00f6z konusu hususta ATK&#8217; n\u0131n anlama ve isteme hususlar\u0131n\u0131 g\u00f6z \u00f6n\u00fcnde bulundurmadan haz\u0131rlad\u0131\u011f\u0131 bir \u00e7ok rapor nedeniyle mahkeme kararlar\u0131 eksik inceleme gerek\u00e7esi ile Yarg\u0131tay&#8217; dan d\u00f6nmektedir. \u0130\u015f bu nedenle rapordaki \u00e7eli\u015fkinin giderilmesi i\u00e7in Adli T\u0131p Kurumu \u0130lgili \u0130htisas Dairesi&#8217;nden hem isnat edilen su\u00e7u ve eylemi anlama hem de isteme iradesi hakk\u0131nda gerek\u00e7eli bir rapor al\u0131nmas\u0131n\u0131 bilvekale arz ve talep ederiz.<\/p>\n\n\n\n<p>4) Davaya konu su\u00e7a ili\u015fkin sunulan tek delil kamera kay\u0131tlar\u0131d\u0131r. Ancak bu kay\u0131tlar savc\u0131l\u0131k makam\u0131nca \u00e7\u00f6z\u00fcmlenmemi\u015ftir. Taraf\u0131m\u0131zca s\u00f6z konusu \u2026. tarihine ait, toplam \u2026 dakika \u2026..saniyeden olu\u015fan kamera kayd\u0131 \u00e7\u00f6z\u00fcmlenmi\u015f olup \u00e7\u00f6z\u00fcmleme evrak\u0131n\u0131 mahkemeye ibraz ederiz.( EK-3) Taraf\u0131m\u0131zca mahkemenize sunulan \u00e7\u00f6z\u00fcmlemede de g\u00f6r\u00fclece\u011fi \u00fczere \u2026. bulundu\u011funu iddia etti\u011fi odaya \u2026\u2026 farkl\u0131 insan girip \u00e7\u0131km\u0131\u015ft\u0131r. \u2026\u2026.<\/p>\n\n\n\n<p>\u2026..su\u00e7 isnad\u0131na sebebiyet vermesi ancak di\u011fer \u015fah\u0131slar\u0131n kimlik tespitinin dahi yap\u0131lmam\u0131\u015f olmas\u0131 hakkaniyetten uzakt\u0131r. T\u00fcm bunlara ek olarak su\u00e7un m\u00fcvekkil taraf\u0131ndan i\u015flenemeyece\u011fi hem m\u00fcvekkilin ki\u015filik \u00f6zellikleri hem de kamera kay\u0131tlar\u0131nda m\u00fcvekkilin yal\u0131n\u0131zca \u2026. saniyelik odaya girip \u00e7\u0131km\u0131\u015f olmas\u0131 ve bu s\u00fcrede su\u00e7un unsurlar\u0131n\u0131 yerine getirme ihtimalinin imkans\u0131z olmas\u0131 nedeniyle sabit olup m\u00fcvekkilin beraat\u0131n\u0131 talep ederiz.<\/p>\n\n\n\n<p>5) Yukar\u0131da arz ve izah edilen ayr\u0131ca mahkemenizce resen tespit edilecek hususlar kapsam\u0131nda m\u00fcvekkile isnat edilen su\u00e7un unsurlar\u0131 olu\u015fmam\u0131\u015ft\u0131r. Keza \u00f6ncelikle m\u00fcvekkilin bu su\u00e7u i\u015flemeye elveri\u015fli bir isnat yetene\u011fi yoktur. M\u00fcvekkilin zihinsel kabiliyetleri su\u00e7u anlama ve isteme olgular\u0131n\u0131 kar\u015f\u0131lamamaktad\u0131r. Buna ek olarak dosya kapsam\u0131ndaki kamera kay\u0131tlar\u0131ndan anla\u015f\u0131laca\u011f\u0131 \u00fczere m\u00fcvekkil odada hi\u00e7 yaln\u0131z kalmad\u0131\u011f\u0131 gibi iddia edildi\u011fi \u00fczere kilitli bir dolab\u0131 a\u00e7maya yetecek kadar bir s\u00fcre de odada kalmam\u0131\u015ft\u0131r. M\u00fcvekkil odadaki i\u015flerini bitirip her defas\u0131nda odadan ayr\u0131lm\u0131\u015f \u2026.. devam etmi\u015ftir. Olay\u0131n ger\u00e7ekle\u015fti\u011fi odaya bir\u00e7ok ki\u015fi girip \u00e7\u0131km\u0131\u015ft\u0131r. Dolay\u0131s\u0131 ile bir su\u00e7un varl\u0131\u011f\u0131 halinde bu su\u00e7un kimin taraf\u0131ndan i\u015flendi\u011fi de belirsizdir. Dahas\u0131 olaya konu e\u015fyan\u0131n bulundu\u011fu konum, \u00e7ekmecenin kilitli oldu\u011fu iddias\u0131 vb. Di\u011fer unsurlar da h\u0131rs\u0131zl\u0131k iddias\u0131n\u0131 \u00e7eli\u015fkili bir hale sokmaktad\u0131r. Dolay\u0131s\u0131 ile su\u00e7un varl\u0131\u011f\u0131na dair de \u015f\u00fcphe mevcuttur. M\u00fcvekkilin hep ayn\u0131 katta bulunmas\u0131na ve olay g\u00fcn\u00fc m\u00fcvekkilin ifadesinin al\u0131nmas\u0131ndan da tespit edilece\u011fi \u00fczere m\u00fcvekkilin \u00fczerinden de su\u00e7a ili\u015fkin hi\u00e7bir e\u015fya \u00e7\u0131kmam\u0131\u015f, para dahi bulunmam\u0131\u015ft\u0131r. Ne yaz\u0131k ki m\u00fcvekkilin hem \u00e7al\u0131\u015ft\u0131\u011f\u0131 yerde \u2026.. g\u00f6revlisi olmas\u0131, hem zihinsel engelli olmas\u0131 ve kendini ifade edemedi\u011fi gibi d\u0131\u015f y\u00f6nlendirmelere de a\u00e7\u0131k olmas\u0131 nedeniyle di\u011fer insanlardan farkl\u0131 olan m\u00fcvekkil ola\u011fan \u015f\u00fcpheli olarak g\u00f6r\u00fclm\u00fc\u015f ve sadece m\u00fcvekkil hakk\u0131nda i\u015flem uygulanm\u0131\u015ft\u0131r. Kendisini savunamayan m\u00fcvekkilin haklar\u0131n\u0131n g\u00f6zetilmedi\u011fi ve olay\u0131n \u00f6rt\u00fclmesi i\u00e7in&nbsp; m\u00fcvekkile su\u00e7 isnat etmenin di\u011fer insanlara g\u00f6re daha kolay olmas\u0131 sebebiyle m\u00fcdafii hakk\u0131 dahi tan\u0131nmadan m\u00fcvekkil hem i\u015finden kovulmu\u015f hem de i\u015flemedi\u011fi su\u00e7lardan yarg\u0131lanmaktad\u0131r. M\u00fcvekkiliN mahkemenizin vicdani ve hukuki takdiri ile beraatini talep ederiz.<\/p>\n\n\n\n<p>Mahkemenin aksi kanaatte olmas\u0131 halinde ise indirim hallerinin ve m\u00fcvekkil lehine h\u00fck\u00fcmlerin uygulanmas\u0131n\u0131, piyasa ko\u015fullar\u0131nda \u2026.. tutar\u0131ndaki zarar\u0131n azl\u0131\u011f\u0131 nedeniyle TCK m. 145 gere\u011fi m\u00fcvekkile ceza verilmesinde vazge\u00e7ilmesini, bu m\u00fcmk\u00fcn de\u011filse indirim yap\u0131lmas\u0131n\u0131, h\u00fckm\u00fcn a\u00e7\u0131klanmas\u0131n\u0131n&nbsp; geri b\u0131rak\u0131lmas\u0131 h\u00fck\u00fcmlerinin uygulama bulabilmesi halinde bu h\u00fck\u00fcmlerin uygulanmas\u0131n\u0131 son \u00e7are olarak talep ederiz.<\/p>\n\n\n\n<p><strong>NET\u0130CE-\u0130 TALEP;<\/strong><\/p>\n\n\n\n<p>Hukuka ve hakkaniyete ayk\u0131r\u0131 gerek\u00e7esiz ve \u00e7eli\u015fkili ATK raporunun esas al\u0131nmamas\u0131 ile ATK \u0130htisas Dairesinde kapsaml\u0131 anlama- isteme yeteneklerini \u00f6l\u00e7er derecede ve zeka testi de kapsar \u015fekilde rapor al\u0131nmas\u0131na,<\/p>\n\n\n\n<p>\u0130zah edilen ve resen tespit edilecek hususlar kapsam\u0131nda m\u00fcvekkilin beraatine,<\/p>\n\n\n\n<p>Mahkeme aksi kanaatte ise;<\/p>\n\n\n\n<p>TCK m. 32 kapsam\u0131nda ceza verilmesine yer olmad\u0131\u011f\u0131na ili\u015fkin h\u00fck\u00fcm kurulmas\u0131na,<\/p>\n\n\n\n<p>TCK m. 32 uygulanmamas\u0131 halinde ise; Zarar\u0131n azl\u0131\u011f\u0131 nedeniyle TCK m. 145 gere\u011fi m\u00fcvekkile ceza verilmesinde vazge\u00e7ilmesine,<\/p>\n\n\n\n<p>Bu m\u00fcmk\u00fcn de\u011filse TCK m. 145 vd. H\u00fck\u00fcmler esas al\u0131narak ceza takdirinde indirim yap\u0131lmas\u0131na,<\/p>\n\n\n\n<p>H\u00fckm\u00fcn a\u00e7\u0131klanmas\u0131n\u0131n&nbsp; geri b\u0131rak\u0131lmas\u0131 h\u00fck\u00fcmlerinin uygulama bulabilmesi halinde bu h\u00fck\u00fcmlerin uygulanmas\u0131na,<\/p>\n\n\n\n<p>Yarg\u0131lama giderleri ve vekalet \u00fccretinin hazine \u00fczerine b\u0131rak\u0131lmas\u0131na ili\u015fkin karar verilmesini bilvekale arz ve talep ederiz. \u2026\u2026<\/p>\n\n\n\n<p class=\"has-text-align-right\"><strong>M\u00fcdafii<\/strong><\/p>\n\n\n\n<p class=\"has-text-align-right\"><strong>Zeynep B\u00fc\u015fra B\u0130LG\u0130N<\/strong><\/p>\n\n\n\n<p>EKLER:<\/p>\n\n\n\n<p>1-K\u0131s\u0131tl\u0131l\u0131k Karar\u0131 ve Ankara Numune E.A Hastanesinin 06.02.2007 tarih ve 77 say\u0131l\u0131 \u00f6z\u00fcrl\u00fc sa\u011fl\u0131k kurulu raporu<\/p>\n\n\n\n<p>2- 14.10.2021 tarihli 2021\/23947 say\u0131l\u0131 Adli T\u0131p Kurumu raporu<\/p>\n\n\n\n<p>3- Olay yeri Kamera Kayd\u0131 \u00c7\u00f6z\u00fcmlemesi<\/p>\n","protected":false},"excerpt":{"rendered":"<p>\u2026\u2026 ASL\u0130YE CEZA MAHKEMES\u0130 DOSYA NO : 20\u2026\/\u2026. Esas M\u00dc\u015eTEK\u0130 :\u2026\u2026\u2026\u2026\u2026\u2026\u2026\u2026(T.C\u2026.) \u00a0Adres : &#8230;&#8230;&#8230;&#8230;&#8230;&#8230;&#8230;&#8230;&#8230;&#8230;&#8230;&#8230;&#8230;&#8230;&#8230;&#8230;&#8230;.. SANIK : &#8230;&#8230;&#8230;&#8230;&#8230;&#8230;&#8230;.(T.C\u2026. ) Adres : &#8230;&#8230;&#8230;&#8230;&#8230;&#8230;&#8230;&#8230;&#8230;&#8230;&#8230;&#8230;&#8230;&#8230;&#8230;&#8230;&#8230;.. \u00a0 \u00a0 \u00a0 \u00a0 \u00a0 \u00a0 \u00a0 \u00a0 \u00a0 \u00a0 M\u00dcDAF\u0130 : Av. Zeynep B\u00fc\u015fra B\u0130LG\u0130N GMK Bulvar\u0131 No:95\/4 Maltepe\/\u00c7ankaya\/ANKARA \u0130SNAT ED\u0130LEN \u00a0SU\u00c7 ve TAR\u0130H\u0130 :\u00a0 KONU : Savunma ve bir k\u0131s\u0131m delillerin ibraz\u0131d\u0131r. [&hellip;]<\/p>\n","protected":false},"author":1,"featured_media":0,"parent":26,"menu_order":0,"comment_status":"closed","ping_status":"closed","template":"","meta":{"footnotes":""},"class_list":["post-48","page","type-page","status-publish","hentry"],"_links":{"self":[{"href":"http:\/\/www.zeynepbusrabilgin.av.tr\/index.php?rest_route=\/wp\/v2\/pages\/48","targetHints":{"allow":["GET"]}}],"collection":[{"href":"http:\/\/www.zeynepbusrabilgin.av.tr\/index.php?rest_route=\/wp\/v2\/pages"}],"about":[{"href":"http:\/\/www.zeynepbusrabilgin.av.tr\/index.php?rest_route=\/wp\/v2\/types\/page"}],"author":[{"embeddable":true,"href":"http:\/\/www.zeynepbusrabilgin.av.tr\/index.php?rest_route=\/wp\/v2\/users\/1"}],"replies":[{"embeddable":true,"href":"http:\/\/www.zeynepbusrabilgin.av.tr\/index.php?rest_route=%2Fwp%2Fv2%2Fcomments&post=48"}],"version-history":[{"count":1,"href":"http:\/\/www.zeynepbusrabilgin.av.tr\/index.php?rest_route=\/wp\/v2\/pages\/48\/revisions"}],"predecessor-version":[{"id":49,"href":"http:\/\/www.zeynepbusrabilgin.av.tr\/index.php?rest_route=\/wp\/v2\/pages\/48\/revisions\/49"}],"up":[{"embeddable":true,"href":"http:\/\/www.zeynepbusrabilgin.av.tr\/index.php?rest_route=\/wp\/v2\/pages\/26"}],"wp:attachment":[{"href":"http:\/\/www.zeynepbusrabilgin.av.tr\/index.php?rest_route=%2Fwp%2Fv2%2Fmedia&parent=48"}],"curies":[{"name":"wp","href":"https:\/\/api.w.org\/{rel}","templated":true}]}}