{"id":54,"date":"2022-03-20T22:45:55","date_gmt":"2022-03-20T22:45:55","guid":{"rendered":"http:\/\/www.zeynepbusrabilgin.av.tr\/?page_id=54"},"modified":"2022-03-20T22:46:15","modified_gmt":"2022-03-20T22:46:15","slug":"mudafi-yoklugunda-alinan-ifade-hakkinda","status":"publish","type":"page","link":"http:\/\/www.zeynepbusrabilgin.av.tr\/?page_id=54","title":{"rendered":"M\u00dcDAF\u0130 YOKLU\u011eUNDA ALINAN \u0130FADE HAKKINDA"},"content":{"rendered":"\n<p><strong>\u00d6ZET: Soru\u015fturma a\u015famas\u0131nda m\u00fcdafi haz\u0131r olmaks\u0131z\u0131n al\u0131nan ifade, san\u0131k taraf\u0131ndan mahkeme huzurunda do\u011frulanmazsa, CMK m. 148\/4 gere\u011fi san\u0131k ikrar\u0131ndan s\u00f6z edilerek mahkumiyet karar\u0131 verilemez.&nbsp;<\/strong><\/p>\n\n\n\n<p><strong>YARGITAY 7. Ceza Dairesi<\/strong><\/p>\n\n\n\n<p><strong>\u00a02021\/13261 E. \u00a0, \u00a02021\/9190 K.say\u0131l\u0131 karar\u00a0<\/strong><br>Yerel mahkemece verilen h\u00fck\u00fcm temyiz edilmekle; ba\u015fvurunun nitelik, ceza t\u00fcr\u00fc, s\u00fcresi ve su\u00e7 tarihine g\u00f6re dosya okunduktan sonra T\u00fcrk Milleti ad\u0131na gere\u011fi g\u00f6r\u00fc\u015f\u00fcl\u00fcp d\u00fc\u015f\u00fcn\u00fcld\u00fc;<br>Gaziosmanpa\u015fa 4. Sulh Ceza Mahkemesi&#8217;nin 2014\/268 de\u011fi\u015fik i\u015f say\u0131l\u0131 ve 14.04.2014 tarihli \u00f6nleme aramas\u0131 karar\u0131na dayan\u0131larak iddianameye konu i\u015f yerinde yap\u0131lan arama neticesinde ele ge\u00e7irilen deliller ve san\u0131\u011f\u0131n haz\u0131rl\u0131k a\u015famas\u0131nda tespit edilen savunmalar\u0131 uyar\u0131nca san\u0131\u011f\u0131n mahkumiyetine karar verilmi\u015f ise de; Hakimlik\u00e7e verilmi\u015f usul\u00fcne uygun bir adli arama karar\u0131 olmad\u0131\u011f\u0131 gibi gecikmesinde sak\u0131nca oldu\u011fu gerek\u00e7esiyle Cumhuriyet savc\u0131s\u0131 taraf\u0131ndan verilmi\u015f bir yaz\u0131l\u0131 arama izninin de bulunmad\u0131\u011f\u0131, ay\u0131rca; san\u0131\u011f\u0131n haz\u0131rl\u0131k a\u015famas\u0131nda m\u00fcdafi haz\u0131r olmaks\u0131z\u0131n al\u0131nan savunmas\u0131n\u0131n kovu\u015fturma a\u015famas\u0131nda do\u011frulanmamas\u0131 nedeni ile CMK&#8217;nun 148\/4. maddesi uyar\u0131nca y\u00fcklenen su\u00e7un i\u015flendi\u011fine ili\u015fkin mahkeme huzurunda san\u0131k ikrar\u0131n\u0131n varl\u0131\u011f\u0131ndan s\u00f6z edilemeyece\u011finin de anla\u015f\u0131lmas\u0131 kar\u015f\u0131s\u0131nda; yap\u0131lan arama hukuka ayk\u0131r\u0131 olup, ele ge\u00e7en delillerin yasak delil niteli\u011finde oldu\u011fu, Anayasa&#8217;n\u0131n 38\/2, 5271 say\u0131l\u0131 CMK&#8217;nun 206\/2-a, 217\/2, 230\/1 maddelerine g\u00f6re hukuka ayk\u0131r\u0131 surette elde edilen deliller ile m\u00fcdafi haz\u0131r bulunmadan kolluk\u00e7a al\u0131nan san\u0131k beyan\u0131na dayan\u0131larak san\u0131\u011f\u0131n mahkumiyetine karar verilemeyece\u011fi sabit ise de; soru\u015fturma a\u015famas\u0131nda beyan\u0131 tespit edilen &#8230; &#8216; un 19.04.2014 tarihli beyan\u0131nda, san\u0131k taraf\u0131ndan kullan\u0131lan yeri san\u0131\u011fa kiralad\u0131klar\u0131n\u0131, kom\u015fusu &#8230; alm\u0131\u015f oldu\u011fu interneti kullanmas\u0131 i\u00e7in san\u0131\u011fa verdi\u011fini, yasa d\u0131\u015f\u0131 iddia oyunu oynatt\u0131\u011f\u0131n\u0131 \u00f6\u011frenince itiraz etti\u011fini ve interneti iptal etti\u011fini beyan etti\u011finin anla\u015f\u0131lmas\u0131 kar\u015f\u0131s\u0131nda, &#8230; ve &#8230; tan\u0131k s\u0131fat\u0131 ile beyanlar\u0131 tespit edildikten sonra san\u0131\u011f\u0131n hukuki durumunun tayin ve takdir edilmesi gerekirken, eksik kovu\u015fturma ile yetinilerek h\u00fck\u00fcm kurulmas\u0131,<br>Kanuna ayk\u0131r\u0131, san\u0131\u011f\u0131n temyiz itirazlar\u0131 bu itibarla yerinde g\u00f6r\u00fclm\u00fc\u015f oldu\u011fundan, h\u00fckm\u00fcn 5320 say\u0131l\u0131 Kanunun 8\/1. maddesi gere\u011fince y\u00fcr\u00fcrl\u00fckte bulunan 1412 say\u0131l\u0131 CMUK&#8217;nun 321. maddesi uyar\u0131nca BOZULMASINA, 07.09.2021 tarihinde oy birli\u011fiyle karar verildi.<\/p>\n\n\n\n<p>KAYNAK: <a href=\"https:\/\/karararama.yargitay.gov.tr\/YargitayBilgiBankasiIstemciWeb\/\" data-type=\"URL\" data-id=\"https:\/\/karararama.yargitay.gov.tr\/YargitayBilgiBankasiIstemciWeb\/\">https:\/\/karararama.yargitay.gov.tr\/YargitayBilgiBankasiIstemciWeb\/<\/a><\/p>\n","protected":false},"excerpt":{"rendered":"<p>\u00d6ZET: Soru\u015fturma a\u015famas\u0131nda m\u00fcdafi haz\u0131r olmaks\u0131z\u0131n al\u0131nan ifade, san\u0131k taraf\u0131ndan mahkeme huzurunda do\u011frulanmazsa, CMK m. 148\/4 gere\u011fi san\u0131k ikrar\u0131ndan s\u00f6z edilerek mahkumiyet karar\u0131 verilemez.&nbsp; YARGITAY 7. Ceza Dairesi \u00a02021\/13261 E. \u00a0, \u00a02021\/9190 K.say\u0131l\u0131 karar\u00a0Yerel mahkemece verilen h\u00fck\u00fcm temyiz edilmekle; ba\u015fvurunun nitelik, ceza t\u00fcr\u00fc, s\u00fcresi ve su\u00e7 tarihine g\u00f6re dosya okunduktan sonra T\u00fcrk Milleti ad\u0131na gere\u011fi [&hellip;]<\/p>\n","protected":false},"author":1,"featured_media":0,"parent":27,"menu_order":0,"comment_status":"closed","ping_status":"closed","template":"","meta":{"footnotes":""},"class_list":["post-54","page","type-page","status-publish","hentry"],"_links":{"self":[{"href":"http:\/\/www.zeynepbusrabilgin.av.tr\/index.php?rest_route=\/wp\/v2\/pages\/54","targetHints":{"allow":["GET"]}}],"collection":[{"href":"http:\/\/www.zeynepbusrabilgin.av.tr\/index.php?rest_route=\/wp\/v2\/pages"}],"about":[{"href":"http:\/\/www.zeynepbusrabilgin.av.tr\/index.php?rest_route=\/wp\/v2\/types\/page"}],"author":[{"embeddable":true,"href":"http:\/\/www.zeynepbusrabilgin.av.tr\/index.php?rest_route=\/wp\/v2\/users\/1"}],"replies":[{"embeddable":true,"href":"http:\/\/www.zeynepbusrabilgin.av.tr\/index.php?rest_route=%2Fwp%2Fv2%2Fcomments&post=54"}],"version-history":[{"count":2,"href":"http:\/\/www.zeynepbusrabilgin.av.tr\/index.php?rest_route=\/wp\/v2\/pages\/54\/revisions"}],"predecessor-version":[{"id":56,"href":"http:\/\/www.zeynepbusrabilgin.av.tr\/index.php?rest_route=\/wp\/v2\/pages\/54\/revisions\/56"}],"up":[{"embeddable":true,"href":"http:\/\/www.zeynepbusrabilgin.av.tr\/index.php?rest_route=\/wp\/v2\/pages\/27"}],"wp:attachment":[{"href":"http:\/\/www.zeynepbusrabilgin.av.tr\/index.php?rest_route=%2Fwp%2Fv2%2Fmedia&parent=54"}],"curies":[{"name":"wp","href":"https:\/\/api.w.org\/{rel}","templated":true}]}}